8).
100
Let d(j) = -54*j + 525. Calculate d(14).
-231
Let b(g) = 3*g**2 + 32*g + 145. Calculate b(-8).
81
Let o(l) = 2*l**2 - 5746*l + 11490. Calculate o(2).
6
Let z(j) = 595*j + 10130. What is z(-17)?
15
Let k(p) = -19*p + 74. Give k(-8).
226
Let k(o) = -o**3 - 94*o**2 - 1481*o - 45. Calculate k(-74).
29
Let f(k) = k**3 - 2*k**2 - 9*k - 13. Calculate f(6).
77
Let y(o) = o**3 + o**2 - o + 3. What is y(3)?
36
Let d(p) = -p**2 + 164*p + 4. Give d(0).
4
Let v(f) = 57*f + 1098. Give v(-16).
186
Let i(v) = 6*v**2 + 16*v - 18. What is i(1)?
4
Let m(l) = 51*l + 59. Determine m(-1).
8
Let h(s) = -4*s**2 + 108*s + 4609. Give h(-23).
9
Let q(t) = -t**3 + 6*t**2 + 19*t - 66. Give q(6).
48
Let w(m) = 3*m**2 - 327*m - 662. What is w(-2)?
4
Let v(t) = t**3 + 13*t**2 + 37*t - 8. Determine v(-6).
22
Let t(q) = 6*q + 37. Calculate t(-21).
-89
Let b(w) = -3*w**2 - 10*w - 44. Determine b(0).
-44
Let r(a) = 8*a - 416. Determine r(23).
-232
Let g(d) = 7*d - 119. Give g(7).
-70
Let n(h) = 8*h**3 - 3*h**2 - 20*h + 42. Give n(2).
54
Let i(n) = -15*n - 713. What is i(-48)?
7
Let w(r) = 6*r - 56. What is w(-15)?
-146
Let o(t) = 1134*t - 153091. Give o(135).
-1
Let m(r) = 9*r**2 - 306*r + 7. Determine m(34).
7
Let w(t) = 20*t**2 + 28*t - 1055. Determine w(-8).
1
Let b(z) = -213*z - 215. Give b(-1).
-2
Let s(t) = -37*t + 267. Give s(7).
8
Let y(q) = -2*q**2 + q + 86. Calculate y(9).
-67
Let d(g) = -6213*g + 33. What is d(0)?
33
Let j(h) = 3*h**3 - 5*h**2 + 17*h - 31. Determine j(2).
7
Let c(g) = g**3 - 31*g**2 - 269*g - 282. What is c(-6)?
0
Let b(u) = 3*u + 96. Calculate b(-29).
9
Let k(x) = -197*x - 3150. Calculate k(-16).
2
Let g(h) = 2*h**3 - 25*h**2 + 62*h + 16. Calculate g(9).
7
Let t(d) = -280*d + 1953. Determine t(9).
-567
Let y(u) = u**3 + 13*u**2 - 17*u + 10. What is y(-5)?
295
Let h(t) = t**2 - 25*t - 80. Calculate h(-3).
4
Let l(o) = 354*o - 5038. Determine l(15).
272
Let l(d) = -2*d**3 - 9*d**2 - 4*d + 20. What is l(-4)?
20
Let l(t) = 95*t**3 + 4*t**2 + 6*t + 2. Give l(-1).
-95
Let c(i) = 22*i + 277. Calculate c(-6).
145
Let n(i) = -25*i + 465. Give n(18).
15
Let k(c) = c**2 - 81*c - 2103. Determine k(-21).
39
Let a(b) = -349*b + 3494. Determine a(10).
4
Let b(s) = 120*s**3 - 41*s - 40. Give b(-1).
-119
Let j(a) = -53*a + 271. Determine j(5).
6
Let x(n) = -3*n - 105. Calculate x(-25).
-30
Let o(i) = i**2 - 17*i - 61. What is o(19)?
-23
Let g(t) = -t**2 + 16*t - 16. Give g(13).
23
Let h(o) = -o**3 + 28*o**2 + 122*o - 912. What is h(31)?
-13
Let a(c) = 7*c + 115. Give a(18).
241
Let p(o) = 7*o - 176. Give p(11).
-99
Let h(m) = -35*m**2 - 217*m + 3099. What is h(-13)?
5
Let k(y) = -2*y**2 - 23*y - 44. What is k(-10)?
-14
Let u(w) = 2*w**3 - 13*w - 5. Determine u(3).
10
Let m(n) = -n**3 - 8*n**2 + 5*n + 5. Calculate m(-7).
-79
Let r(u) = 67*u - 304. Determine r(5).
31
Let p(i) = -4554*i + 45534. Calculate p(10).
-6
Let d(a) = a**3 - 57*a**2 + 574*a - 102. Calculate d(44).
-14
Let i(w) = 108*w**2 - 66*w + 6. What is i(1)?
48
Let m(q) = q**3 - 11*q**2 - 55*q + 524. Determine m(13).
147
Let g(o) = o**3 + 18*o**2 - 98*o + 40. Calculate g(4).
0
Let u(k) = k**3 + 8*k**2 + 4*k - 5. Determine u(-5).
50
Let j(m) = -m**3 - 79*m**2 - 80*m - 149. Determine j(-78).
7
Let b(y) = -798*y + 11157. Calculate b(14).
-15
Let k(z) = -36*z**3 - 4*z**2 - 6*z - 6. Give k(-2).
278
Let i(y) = 306*y + 6429. Determine i(-21).
3
Let j(b) = b**2 + 6*b + 6. Calculate j(-5).
1
Let g(m) = 1526*m - 10676. Calculate g(7).
6
Let b(k) = k**2 + 27*k + 1. Give b(0).
1
Let p(s) = 2*s**2 - 211*s + 4243. Give p(27).
4
Let f(z) = z**3 + 40*z**2 + 234*z + 111. Determine f(-33).
12
Let z(w) = -2*w**2 + 118*w - 894. What is z(50)?
6
Let h(a) = -a**2 - 58*a - 262. Calculate h(-53).
3
Let m(x) = 305*x**2 + 3659*x - 22. What is m(-12)?
-10
Let j(g) = -107*g + 65. Give j(-1).
172
Let c(z) = z**2 + 19*z + 77. What is c(-7)?
-7
Let u(d) = -d**3 - 18*d**2 - 18*d - 349. What is u(-17)?
-332
Let n(j) = 28*j + 1258. Determine n(-25).
558
Let p(n) = -n**3 + 9*n**2 + 2*n + 191. What is p(11)?
-29
Let i(p) = -65*p + 403. Give i(-7).
858
Let o(y) = 43*y - 191. Give o(5).
24
Let r(k) = 414*k - 8. Determine r(0).
-8
Let v(l) = 273*l - 1194. Give v(5).
171
Let u(s) = s**3 - 39*s**2 + 105*s + 129. Calculate u(36).
21
Let o(p) = p**3 + 11*p**2 - 101*p - 7. What is o(-17)?
-24
Let v(i) = 14*i - 24. Calculate v(16).
200
Let u(a) = -a**2 - 273*a - 2888. What is u(-11)?
-6
Let i(b) = -4*b**3 - 12*b**2 + 8*b + 2. What is i(4)?
-414
Let h(y) = -2*y**3 - 5*y**2 - 3*y + 10. Calculate h(-4).
70
Let b(f) = -1603*f + 9608. Calculate b(6).
-10
Let y(j) = 3*j**3 + 174*j**2 + 181*j + 52. What is y(-57)?
-518
Let d(u) = 3*u**2 - 9*u - 15. Calculate d(-5).
105
Let x(d) = -17*d**2 + 5*d + 72. Determine x(-4).
-220
Let f(t) = -31*t**3 + 3*t**2 + 2*t - 4. What is f(1)?
-30
Let n(k) = -3*k**2 - 109*k + 287. What is n(-39)?
-25
Let d(c) = c**2 - 30*c + 15. What is d(0)?
15
Let u(o) = 3*o**3 + 29*o**2 + 38*o + 44. What is u(-7)?
170
Let i(t) = -t**3 + 59*t**2 + 1021*t - 10. Calculate i(-14).
4
Let o(u) = -158*u + 175. Calculate o(3).
-299
Let j(i) = -i**3 - 6*i**2 - 1134*i - 5649. Give j(-5).
-4
Let t(i) = -i**2 - 124*i - 1981. What is t(-106)?
-73
Let n(u) = 44*u + 9. Calculate n(1).
53
Let r(k) = 7*k + 19. Give r(-2).
5
Let r(s) = -s**2 + 167*s - 2820. Give r(148).
-8
Let m(a) = -2*a**3 - 8*a**2 + 66*a + 165. Give m(-7).
-3
Let s(t) = 3*t**2 + 25*t - 16. Calculate s(-10).
34
Let a(u) = -2*u**2 - 17*u + 23. Calculate a(-8).
31
Let j(i) = -i**3 - 64*i**2 - 541*i + 22. Calculate j(-10).
32
Let p(x) = 175*x - 1591. Determine p(9).
-16
Let x(d) = 59*d + 181. Give x(-3).
4
Let a(v) = 4*v**2 - 179*v + 28. Give a(43).
-273
Let o(z) = -30*z**3 - 78*z**2 + 17*z + 5. What is o(-3)?
62
Let o(y) = -10*y**3 - 89*y**2 - 10*y - 178. What is o(-9)?
-7
Let o(c) = 3*c**3 - 29*c**2 + c - 64. Give o(10).
46
Let l(k) = 93*k - 156. Calculate l(2).
30
Let s(b) = 2*b**3 + 32*b**2 + 78*b + 9. What is s(-13)?
9
Let f(z) = z**3 - 11*z**2 - 19*z - 175. Calculate f(13).
-84
Let h(y) = -18*y - 88. Calculate h(-5).
2
Let j(p) = -p**3 - 16*p**2 - 9*p + 41. Calculate j(-15).
-49
Let z(c) = -12721*c - 50873. Give z(-4).
11
Let t(f) = -f**3 + 18*f**2 + 59*f + 89. Determine t(21).
5
Let y(z) = -7*z + 62. Calculate y(-8).
118
Let q(l) = -736*l + 2890. Give q(4).
-54
Let j(o) = -22*o**2 - 232*o - 230. Calculate j(-1).
-20
Let a(m) = -m**3 + 5*m**2 - 4*m + 11. What is a(5)?
-9
Let j(n) = -5*n**2 + 29*n + 75. Calculate j(-2).
-3
Let g(m) = 2*m**3 + 63*m**2 + 26*m - 61. Determine g(-31).
94
Let j(t) = t**3 - 2*t**2 - 11*t - 61. What is j(7)?
107
Let v(h) = -13*h**2 - 347*h - 1896. Determine v(-19).
4
Let j(r) = -11*r**2 + 272*r + 1696. Determine j(30).
-44
Let b(s) = -142*s + 2348. Give b(17).
-66
Let i(a) = 226*a + 52432. Determine i(-232).
0
Let l(g) = 1248*g - 24932. Determine l(20).
28
Let g(m) = 400*m - 3201. Determine g(8).
-1
Let j(f) = -5*f**2 - 97*f + 2712. Calculate j(-35).
-18
Let f(w) = 4*w + 55. Calculate f(-10).
15
Let j(h) = h**3 - 104*h**2 - 191*h - 2224. Determine j(106).
2
Let z(n) = 11*n - 172. Calculate z(20).
48
Let j(q) = -q**2 + 52*q + 127. Give j(56).
-97
Let t(y) = 66*y - 365. Give t(6).
31
Let r(c) = -27*c**3 + 2*c**2 + 1789*c + 1788. Calculate r(-1).
28
Let p(o) = o**3 - 82*o**2 - 1345*o + 78. Give p(96).
-18
Let l(i) = -733*i - 6587. Give l(-9).
10
Let r(n) = -2*n**2 + 70*n - 160. What is r(37)?
-308
Let b(v) = -23591*v - 94363. Calculate b(-4).
1
Let j(n) = n**2 - 22*n - 1081. Determine j(49).
242
Let t(x) = -x**3 - 12*x**2 - 5*x - 35. Give t(-12).
25
Let g(x) = 3*x**2 + 21*x - 5. What is g(-13)?
229
Let w(p) = -165*p**2 - 27*p - 23. Calculate w(-1).
-161
Let z(f) = -311*f - 2798. Determine z(-9).
1
Let c(b) = b**3 - 42*b**2 - 1319*b - 292. What is c(63)?
-40
Let a(b) = 22*b + 151. What is a(-6)?
19
Let b(y) = -y**2 + 69*y - 526. Determine b(60).
14
Let q(i) = -i**2 - 5*i + 1279. Determine q(-40).
-121
Let j(q) = q**3 + 6*q**2 + 28*q + 129. Determine j(-6).
-39
Let p(k) = 156*k - 69. Determine p(1).
87
Let a(d) = -d**2 + 311*d - 3301. Give a(11).
-1
Let w(c) = 124*c + 48. Calculate w(-2).
-200
Let p(n) = -123*n + 3928. Calculate p(32).
-8
Let k(h) = h**3 - 56*h**2 + 48*h + 558. What is k(55)?
173
Let y(i) = i**3 - 7*i**2 - 55*i + 221. Calculate y(9).
-1